3*h + 714 = 0, 5*f + h = -2*h + 726. What is the greatest common factor of 1368 and f?
72
Suppose 4*f = y + 104, -5*y = -4*f + 72 + 32. Suppose 353 - 197 = 2*c. Calculate the greatest common factor of c and f.
26
Suppose 0 = 5*m - 125*s + 128*s - 27385, -3*m + 16460 = -4*s. What is the highest common factor of 40 and m?
40
Let w(m) = -1332*m**3 - m**2 + 1. Let g be w(-1). Suppose 4*a = 41*a - g. What is the greatest common factor of a and 450?
18
Let x = -22 + 20. Let t be (14/(-4) + 3)/(x/8). Suppose 29 = t*s - 51. What is the highest common factor of s and 20?
20
Let i = 170 - 114. Let d = 53 - i. Let k be (-153)/(-12) + (-52)/(-16) + d. What is the highest common factor of 26 and k?
13
Suppose 0 = 2*n - 8*n - n. Suppose -12*a + 19*a - 21 = n. Suppose h = 2*h - 3*r - 18, a*h + r = 34. What is the highest common factor of 72 and h?
12
Suppose 86*f - 32*f = 26568. What is the greatest common divisor of 1 and f?
1
Let g be 78*3 + 0 - (-3 - -1). Let o = -222 + g. Suppose -6*r + 9*r = 294. Calculate the highest common factor of r and o.
14
Let s(u) = -4*u**3 - u**2 + 4*u + 14. Let o be s(-4). Calculate the highest common factor of 1360 and o.
34
Let f = 3260 - 2963. Let w = 207 - -189. Calculate the highest common divisor of w and f.
99
Let u be ((-28)/(-84))/(1/60) + -8. Let g = 292 + -130. What is the highest common divisor of u and g?
6
Let d = -9 - -31. Let k = -46780 + 46956. What is the greatest common factor of d and k?
22
Let c be (-288)/20*(18720/27)/(-16). Suppose -423 = -8*w - 111. Calculate the greatest common factor of w and c.
39
Let a be 1 - -18*(3 - 5). Let z = a + 67. Suppose 43 = 4*p + 5*k, k - 5*k + z = 3*p. Calculate the highest common factor of 8 and p.
4
Suppose 4*f + 225 = 9*f. Suppose -q + f = 25. Let x(y) = 19*y + 5. Let v be x(5). What is the highest common divisor of v and q?
20
Suppose 18 = 3*t, 4*r + 2*t - 191 = 21. Suppose 0 = -5*x + 3*x + 100. Calculate the greatest common divisor of r and x.
50
Let w(c) = 61*c + 69. Let m(d) = 61*d + 69. Let v(f) = -3*m(f) + 2*w(f). Let l be v(-2). What is the highest common factor of 1855 and l?
53
Let l = 57 + 0. Let t = -57 + l. Suppose t = -7*o + 11*o - 112. What is the greatest common factor of o and 112?
28
Let p(k) = 65*k**2 + 7 - 6*k - 3*k + 2*k + 3. Let y be p(2). What is the greatest common factor of 16 and y?
16
Suppose -72 = 8*r - 12*r - 4*y, 0 = -4*y + 20. Let u be 2 - r/((-39)/498). What is the highest common divisor of 42 and u?
42
Let l be 2448/32 - (-3)/2. Suppose 4*f + 200 = 5*f. Suppose -2*a + 112 = 2*k, 0*k = 4*a - 2*k - f. What is the highest common divisor of l and a?
26
Let p be -5*(-5 - (-8 + -2)). Let g be (p - -1)/(-8) + (-26)/(-2). Let q(h) = 3*h + 2. Let y be q(2). What is the highest common factor of g and y?
8
Let c(q) = 6*q + 70. Let j be c(-10). Let p be (36/j)/(-3)*-80. What is the greatest common divisor of p and 84?
12
Let f = -58 - -64. Suppose 2*l + 12 = f*l. Calculate the greatest common factor of l and 33.
3
Let z(r) = 36*r + 39. Let s be z(-1). Suppose 0 = 2*q + 5*j - 22, s*q + 2*j = 10 + 12. Calculate the highest common divisor of 60 and q.
6
Let y be 8/6*3/2. Let s = 505 - -61. Let t = -565 + s. Calculate the highest common divisor of y and t.
1
Suppose -46*j + 2018 + 2068 - 1694 = 0. What is the highest common divisor of 702 and j?
26
Suppose -3888 = 17*b - 23*b. Suppose b*z = 646*z + 20. Calculate the highest common factor of 230 and z.
10
Let c = 69 - 45. Let d(v) = -30*v + 2082. Let n be d(68). Calculate the greatest common divisor of c and n.
6
Let g(t) = -266*t - 10. Let z be g(1). Let r = 290 + z. Calculate the greatest common factor of 35 and r.
7
Let n = 77 - 73. Let b = n + 47. Suppose 4*z - 5*k - b = 0, -2*z - k - 33 = -4*z. Calculate the greatest common factor of 209 and z.
19
Let r = -3856 - -2274. Let k = -494 - r. What is the highest common factor of k and 64?
64
Let r = -251 + 249. Let l = r + 6. Calculate the greatest common divisor of l and 76.
4
Suppose -2*f - 7*f = -47*f + 32452. What is the greatest common factor of 3294 and f?
122
Let y be -3 - (-2 - 0)*6. Let p be 2/(-2 - -8)*y. Suppose -w + 3*c = -21 - p, 5*w - 5*c = 120. What is the greatest common divisor of w and 6?
6
Let t be (-60462)/(-45) + (400/2250 - 4/(-18)). What is the highest common factor of t and 1400?
56
Suppose 18*k + 26*k = 33*k + 79002. Calculate the greatest common factor of 42 and k.
42
Let n be (-27*14/(-15))/(10/25). Let z(v) = v**2 - 9*v + 15. Let k be z(5). Let m be 21*5/((-75)/k). Calculate the greatest common divisor of n and m.
7
Let l = 967 - 397. Suppose -36*o + l = -21*o. What is the greatest common divisor of o and 114?
38
Let q be ((-12)/(-16))/((-108)/(-10080)). Calculate the greatest common factor of 112 and q.
14
Let l = -48 - -56. Let f be 6/((-96)/(-2))*l. What is the highest common factor of f and 16?
1
Let d(p) = 4*p**2 + 2*p - 3. Let f be d(3). Let i = 157 - 124. Suppose -i - f = -4*m. Calculate the highest common factor of 18 and m.
18
Suppose 100*q + 36 = 103*q + 5*v, q - 12 = -v. What is the highest common divisor of 44 and q?
4
Let a = 1333 + -1197. Calculate the highest common divisor of 1666 and a.
34
Let w be 177/(2 + (-15)/8 - 3487/(-2536)). Suppose -4*x + 5*g = -2591, -4*g + 3 = -1. What is the greatest common factor of x and w?
59
Suppose 163 = 6*o - 677. Let b be 10/(1 + 6/(-8)). What is the greatest common divisor of o and b?
20
Let x(u) = 4*u**2 - 16*u + 28. Suppose 3*d - 2*w - 18 = -d, -4*d - 3*w + 13 = 0. Let p be x(d). Calculate the greatest common factor of 12 and p.
4
Let x(j) = 890*j**3 + j**2 + 18*j - 18. Let k be x(1). What is the greatest common factor of k and 243?
81
Let m be (-9)/2 + (-5)/(-10). Let u(w) = -9*w + 9*w - 3*w - 12 - 16*w. Let h be u(m). What is the greatest common factor of 16 and h?
16
Let u(b) = b**3 - 31*b**2 + 61*b - 69. Let o be u(29). Suppose -r - 15 = 4*d, -16*r = -o*r - 2*d. What is the highest common factor of 45 and r?
5
Suppose -13*i + 20*i - 35 = 0. Suppose 8 = -2*k - 5*u, -4*k + 0*k - 2*u + 16 = 0. Suppose -3*a = -i*a + k. What is the greatest common factor of 21 and a?
3
Suppose 16*a + 346 + 166 = 0. Let g = a + 35. Suppose g*r + 4*f - 50 = 0, -5*f + 8*f - 10 = -r. Calculate the highest common divisor of 33 and r.
11
Let p be -32*(1 + 9/(-3)). Let o be ((-16)/12 + 0)*-12. Calculate the greatest common factor of p and o.
16
Let y(w) = 2*w**3 - 5*w**2 + w - 10. Let o be y(4). Suppose 5*z - 70 = -5*b, -2*b - 3*z = 9 - o. What is the greatest common factor of b and 15?
3
Let w = 1404 - 1048. What is the highest common factor of 8 and w?
4
Suppose 198 - 214 = -2*i. Suppose 5*t - 28 = 2*n, -4*n + 18 - i = t. Let f = 52 - -14. Calculate the greatest common factor of f and t.
6
Let a = 33 + -37. Suppose 0 = 4*c - 5*q + 38, -4*c - q - 26 = -0*q. Let z be c/(14/a) + 2. Calculate the greatest common factor of 12 and z.
4
Suppose 5*z - 4*n - 16332 = 0, 2*n + 36 - 30 = 0. Suppose -7*l - 933 = -z. What is the greatest common divisor of 37 and l?
37
Let r be 4 - 0*((-10)/(-15))/(-2). Let a be (-570)/(-6) - (r - 1 - 7). Calculate the highest common divisor of a and 33.
33
Let l(t) = 3*t - 1. Let o(i) = -346*i + 18. Let f(x) = l(x) + o(x). Let g be f(-2). Calculate the greatest common factor of g and 37.
37
Let w(t) = -3*t**3 - t**2 + 4*t + 6. Let d be w(-2). Suppose s = u - 4*s - 9, d = 2*u + s. What is the greatest common factor of u and 99?
9
Suppose -5*m + 3*s + 1210 - 290 = 0, -m = -3*s - 184. Calculate the greatest common divisor of m and 529.
23
Let y be (-4)/(-5)*(-70)/4. Let n(s) = 7 - 27*s - 14 - 31 + 23*s. Let f be n(y). Calculate the highest common factor of 72 and f.
18
Let j be ((-4725)/(-35))/((-12)/45 - 2/(-6)). What is the highest common factor of j and 15?
15
Let w = -1037 - -7708. What is the greatest common factor of 14 and w?
7
Suppose -3*o = 6 - 21. Let d be (-7 + o)*(-70)/4. Calculate the highest common factor of d and 315.
35
Suppose -3*a = 107*f - 105*f - 2508, 4*f - 5016 = 4*a. What is the greatest common factor of f and 570?
114
Let r(f) = -f**2 - 1. Let w be r(3). Let l be 11 + -10 - 1*w. Let o(b) = -b**2 + 28*b - 136. Let c be o(21). What is the highest common factor of l and c?
11
Suppose -4*p - 156 = 4*f, 0 = -4*p + 2*p + f - 84. Let j = p - -53. What is th